r(c) = c**3 - 10*c**2 + 27*c - 940. Determine r(14).
222
Let g(j) = -2*j**2 + 28*j + 312. Give g(21).
18
Let y(w) = 12*w**3 - 157*w**2 + 9*w + 59. What is y(13)?
7
Let y(p) = -p**3 - 25*p**2 + 29*p + 17. What is y(-26)?
-61
Let u(o) = -93*o + 674. Calculate u(8).
-70
Let r(c) = -2*c**2 + c - 38. Give r(-10).
-248
Let o(c) = c**2 - 2*c + 36. Determine o(11).
135
Let y(g) = -1665*g - 1660. Determine y(-1).
5
Let l(x) = 13*x + 125. Give l(4).
177
Let q(i) = i**3 - 5*i**2 - 35*i + 64. Give q(8).
-24
Let z(p) = 58*p + 655. Give z(-11).
17
Let r(z) = z**2 + 30*z - 129. What is r(-34)?
7
Let i(z) = -4*z**3 - 6*z**2 + 4*z + 6. Calculate i(-2).
6
Let a(t) = -4*t**2 - 5*t - 28. What is a(-4)?
-72
Let i(v) = 2*v**2 - 260*v + 3810. What is i(17)?
-32
Let g(j) = j**3 + 67*j**2 + 382*j - 68. Determine g(-61).
-1044
Let b(s) = -3*s**2 - 35*s + 95. Determine b(-19).
-323
Let f(c) = c**3 - 14*c**2 - 7*c - 26. Determine f(-6).
-704
Let b(w) = -5*w - 221. Give b(-28).
-81
Let w(f) = 89*f - 491. Calculate w(5).
-46
Let k(i) = -53*i + 572. What is k(10)?
42
Let c(u) = -49*u - 433. Calculate c(-9).
8
Let i(h) = -8*h + 286. Give i(36).
-2
Let m(n) = n**3 + 18*n**2 + 30*n - 33. Calculate m(-16).
-1
Let s(m) = -m**3 - 6*m**2 - 795*m - 4775. Determine s(-6).
-5
Let o(l) = 67*l - 388. Give o(5).
-53
Let k(f) = -13883*f - 69411. Calculate k(-5).
4
Let y(u) = u**3 + 19*u**2 + 18*u + 19. Determine y(-17).
291
Let t(q) = 2*q**3 - 9*q**2 + 15*q + 8. Give t(2).
18
Let u(v) = v**3 + 407*v**2 + 2793*v - 12. Calculate u(-7).
37
Let y(o) = -o**2 + 53*o - 31. Calculate y(17).
581
Let x(s) = -s**2 - 49*s + 253. Determine x(5).
-17
Let j(q) = 2*q**3 + 982*q**2 + 938*q - 20573. Give j(-490).
7
Let j(m) = 2*m**2 + 177*m + 33. Calculate j(0).
33
Let f(b) = -303*b - 1216. Give f(-4).
-4
Let r(h) = -h**2 + 23*h + 10142. Determine r(-90).
-28
Let u(s) = 22*s**2 + 4*s - 11. What is u(6)?
805
Let y(b) = -91*b - 494. Give y(-7).
143
Let r(t) = -380*t - 1800. What is r(-5)?
100
Let b(k) = -64*k - 2015. Determine b(-31).
-31
Let b(m) = -m**3 - 135*m**2 - 6*m - 811. Calculate b(-135).
-1
Let c(t) = -4*t**2 - 184*t - 35. What is c(-46)?
-35
Let s(c) = 400*c + 1600. Give s(-4).
0
Let a(y) = 13*y - 543. Give a(20).
-283
Let l(q) = -q**2 - 20*q + 228. Determine l(-32).
-156
Let x(d) = 14*d + 681. What is x(-61)?
-173
Let l(k) = -k**3 - 5*k**2 + 125*k - 357. What is l(5)?
18
Let a(j) = 10*j**2 + 30*j + 277. Calculate a(-7).
557
Let q(w) = -91*w + 734. Give q(13).
-449
Let l(z) = 2*z**3 + 20*z**2 - z - 11. Give l(-10).
-1
Let i(j) = 3*j**2 - 39*j + 85. Determine i(9).
-23
Let j(b) = -b**2 - 10*b + 21. Determine j(5).
-54
Let t(o) = o**3 + 4*o**2 - 52*o - 71. What is t(9)?
514
Let b(k) = -k**2 - 51*k - 137. Give b(-47).
51
Let t(s) = s**3 - 7*s**2 - 8*s - 8. Determine t(-3).
-74
Let i(r) = 18*r**2 + 67*r + 134. Give i(-2).
72
Let h(j) = 16*j**2 - 4*j + 4. Determine h(3).
136
Let w(i) = -3*i**3 - 32*i**2 + 23*i + 441. Calculate w(-10).
11
Let r(q) = 41*q + 761. Determine r(-18).
23
Let u(q) = 391*q + 12901. Calculate u(-33).
-2
Let n(k) = k**2 - 11*k + 13. What is n(14)?
55
Let u(z) = 148*z + 144. Calculate u(-1).
-4
Let k(v) = 35*v + 2228. Give k(-64).
-12
Let d(x) = -15*x - 63. Determine d(22).
-393
Let y(a) = -a**3 + 18*a**2 + 143*a - 80. Give y(23).
564
Let m(y) = y**2 + 16*y - 9. Determine m(-9).
-72
Let j(y) = -3*y**2 - 98*y - 68. Calculate j(-32).
-4
Let y(w) = -w**2 + 59*w + 828. What is y(71)?
-24
Let b(k) = 2*k**3 - 37*k**2 + 13*k - 51. Calculate b(18).
-141
Let l(b) = 2*b**3 - 39*b**2 - 20*b + 749. Calculate l(19).
8
Let a(j) = -j**3 + 28*j**2 + 44*j + 58. Determine a(29).
493
Let s(h) = 14*h**2 - 570*h - 250. Determine s(41).
-86
Let i(f) = f**3 + 22*f**2 + 36*f + 87. What is i(-19)?
486
Let n(m) = m**2 - 5*m + 19. Determine n(3).
13
Let z(k) = -5*k**2 + 42*k - 139. Calculate z(4).
-51
Let j(l) = -11*l**2 + 68*l - 96. What is j(4)?
0
Let t(r) = -r**3 - 21*r**2 - 28*r - 177. What is t(-20)?
-17
Let d(h) = h**2 - 4*h - 38. What is d(6)?
-26
Let r(z) = -3*z**3 + 28*z**2 - 51*z + 178. Calculate r(8).
26
Let b(s) = -19*s + 1055. Determine b(66).
-199
Let l(c) = -1051*c + 3160. Give l(3).
7
Let r(b) = -67*b + 3478. Calculate r(52).
-6
Let c(r) = -2*r**3 - 27*r**2 + 5*r - 95. Calculate c(-13).
-329
Let o(b) = -169*b + 6899. Calculate o(41).
-30
Let o(g) = 71*g + 1012. What is o(-13)?
89
Let k(h) = -2*h**3 - 15*h**2 + h + 3. Give k(-8).
59
Let v(i) = 214*i - 2134. Calculate v(10).
6
Let g(m) = m**3 + 11*m**2 - 24*m - 317. What is g(-7)?
47
Let g(o) = 1102*o + 23142. What is g(-21)?
0
Let r(l) = -l**2 - 91*l + 819. What is r(-99)?
27
Let a(f) = 9*f**2 - 56*f + 25. What is a(2)?
-51
Let a(f) = -f**3 - 56*f**2 + 302*f + 16. Calculate a(5).
1
Let g(o) = -63*o + 1576. What is g(25)?
1
Let u(f) = -f**2 - 295*f - 17460. What is u(-82)?
6
Let y(m) = 115*m**2 - 477*m + 66. Give y(4).
-2
Let o(q) = q**3 - 67*q**2 + 500*q - 24050. Determine o(65).
0
Let i(j) = -j**3 - 14*j**2 - 89*j - 41. Give i(-6).
205
Let j(s) = -s**3 + 19*s**2 + 20*s - 69. Calculate j(6).
519
Let m(n) = -n**3 + 32*n**2 + 104*n + 73. Calculate m(35).
38
Let y(m) = 3*m**2 + 226*m + 3103. Give y(-18).
7
Let l(i) = -11*i - 779. Give l(-19).
-570
Let v(o) = 3*o**3 - 72*o**2 - 540*o - 8. What is v(30)?
-8
Let r(s) = -240*s - 19191. What is r(-80)?
9
Let c(q) = 25*q - 628. Calculate c(25).
-3
Let w(t) = 7*t**2 - 252*t + 10. What is w(37)?
269
Let w(h) = 234*h + 3060. Give w(-13).
18
Let r(t) = -t**3 + 76*t**2 + 80*t - 24. Determine r(77).
207
Let p(t) = -4*t**2 - 194*t + 22. What is p(-47)?
304
Let i(p) = -15*p**2 - 60*p - 3. What is i(-5)?
-78
Let t(l) = -4*l**2 - 7*l - 41. Give t(-4).
-77
Let o(s) = 2*s**2 - 15*s - 75. Calculate o(-6).
87
Let u(p) = -39*p - 706. What is u(-16)?
-82
Let g(r) = 185*r - 2031. What is g(11)?
4
Let c(n) = 47*n + 69. Give c(0).
69
Let s(p) = 24*p + 334. Calculate s(-15).
-26
Let f(q) = 2*q**2 + 109*q + 795. What is f(-46)?
13
Let i(f) = -f**2 - 5*f + 87. Give i(5).
37
Let k(b) = -5*b**2 - 202*b + 209. Give k(-41).
86
Let a(j) = j**2 - 32*j - 211. Determine a(35).
-106
Let m(b) = -2*b**2 - 7*b + 66. Determine m(9).
-159
Let k(h) = -h**3 - 4*h**2 + 18*h - 13. Give k(5).
-148
Let j(p) = p**2 + 100*p + 1934. Determine j(-71).
-125
Let x(k) = 67*k - 3134. Calculate x(49).
149
Let u(r) = 13*r**2 + 45. What is u(0)?
45
Let x(d) = 600*d + 7206. What is x(-12)?
6
Let b(t) = -2*t**2 + 251*t + 10. Determine b(0).
10
Let z(o) = 71*o - 14. Calculate z(-4).
-298
Let p(m) = 472*m + 3287. Determine p(-7).
-17
Let b(d) = d**3 + 8*d**2 - 85*d + 9. Determine b(6).
3
Let j(g) = 2987*g + 86612. Calculate j(-29).
-11
Let o(d) = d**3 - 64*d**2 + 125*d + 19. What is o(62)?
81
Let v(c) = -23*c**2 - 225*c + 15. Give v(-10).
-35
Let o(a) = 127*a**3 + a**2 + 3*a - 3. Give o(1).
128
Let c(y) = -3*y**3 - 57*y**2 - 3. Calculate c(-19).
-3
Let r(p) = -p**2 + 11*p - 28. What is r(7)?
0
Let j(i) = i**3 + 20*i**2 + 16*i - 63. Determine j(-19).
-6
Let a(j) = 3*j - 22. Calculate a(2).
-16
Let y(l) = -8*l**3 - 89*l**2 - 16*l - 19. What is y(-11)?
36
Let r(g) = -g**3 + 7*g**2 + 111*g - 434. Calculate r(13).
-5
Let x(f) = -f**3 - 28*f**2 - 133*f - 863. What is x(-24)?
25
Let o(p) = p**3 - 22*p**2 - 30*p - 79. What is o(24)?
353
Let k(h) = 2*h**2 - 108*h - 407. What is k(-4)?
57
Let h(l) = -228*l - 1124. What is h(-5)?
16
Let u(i) = -i**2 - 339*i + 8677. Determine u(24).
-35
Let d(s) = -s**3 + 6*s**2 + 35*s - 204. Calculate d(5).
-4
Let q(n) = -7*n**3 - 7*n**2 + 21*n + 51. Calculate q(-2).
37
Let s(b) = -2*b**3 - 33*b**2 + 24*b + 121. Determine s(-17).
2
Let a(d) = -d**2 - 17*d + 352. Give a(12).
4
Let w(s) = 474*s + 1044. Determine w(-2).
96
Let x(v) = -3*v**2 - 3*v + 230. Determine x(0).
230
Let g(s) = 59*s**2 - 14*s + 35. What is g(2)?
243
Let s(b) = b**2 + 20*b - 380. Give s(12).
4
Let p(n) = -23*n**2 + 2535*n - 549. Calculate p(110).
1
Let u(v) = -81*v + 897. Determine u(9).
168
Let x(q) = q**2 + 15*q - 201. Determine x(-29).
205
Let j(c) = 32*c + 6. Give j(1).
38
Let n(t) = -t**3 - 11*t**2 - 5*t + 40. Calculate n(-10).
-10
Let v(a) = -2*a**2 - 6*a + 51. What is v(-8)?
-29
Let i(p) = -p**3 + 25*p**2 + 3*p - 17. Calculate i(25).
58
Let p(a) = a**3 - 30*a**2 + 29*a + 27. Give p(29).
27
Let l(t) = 124*t + 21586. Determine l(-174).
10
Let d(c) = -18*